?
17
Let c(z) = z - 17. Calculate c(15).
-2
Let j(y) = -2*y**2 - 11*y - 3. What is j(-8)?
-43
Let v(h) = -21*h**2 + 7*h - 4. Calculate v(3).
-172
Let b(y) = -12*y + 16. What is b(-1)?
28
Let c(b) = -2*b**2 + 13*b + 5. Calculate c(6).
11
Let g(c) = c**3 + 8*c**2 + 4*c + 7. Calculate g(-6).
55
Let g(v) = -5*v - 4. What is g(-1)?
1
Let j(h) = h**3 - 7*h**2 + 11*h - 1. What is j(5)?
4
Let t(i) = -i**3 - 10*i**2 - 22*i - 1. Calculate t(-6).
-13
Let y(s) = -s**3 + 15*s**2 - 16*s - 19. Calculate y(14).
-47
Let f(q) = 2*q**2 - 9*q + 9. Calculate f(-5).
104
Let x(h) = -7*h + 4. Give x(-3).
25
Let q(y) = 2*y**2 + 6*y + 6. Give q(-3).
6
Let z(d) = 10*d + 33. Determine z(-4).
-7
Let u(g) = -g**3 - 6*g**2 + 4*g - 22. Give u(-7).
-1
Let s(t) = -2*t**2 + 17*t + 17. Calculate s(10).
-13
Let l(y) = y - 3. Determine l(3).
0
Let u(t) = t**3 + 15*t**2 - 2*t - 16. What is u(-15)?
14
Let n(w) = w**2 - 7*w - 8. Give n(7).
-8
Let y(c) = c**3 - 5*c**2 - 13*c + 2. Calculate y(7).
9
Let d(s) = s**2 - 6*s - 2. Give d(4).
-10
Let h(b) = 3*b**3 + b**2 + 2*b - 2. Calculate h(1).
4
Let j(t) = t**2 + 8*t + 2. What is j(-10)?
22
Let s(i) = i**2 - 58*i - 310. Give s(63).
5
Let w(c) = -c**2 + 12*c - 14. Give w(8).
18
Let j(q) = -10*q + 451. What is j(44)?
11
Let v(w) = w**2 + 2*w - 2. What is v(0)?
-2
Let t(l) = 5*l + 2. Determine t(-5).
-23
Let m(o) = -4*o + 1. Calculate m(-12).
49
Let y(z) = z**2 + 5*z - 8. Give y(-6).
-2
Let x(a) = -3*a + 29. Determine x(5).
14
Let p(l) = -l**3 - 8*l**2 + 9*l + 11. Determine p(-9).
11
Let m(u) = -u**3 - 20*u**2 + 24*u + 66. Determine m(-21).
3
Let y(f) = -2*f**2 + 19*f + 1. Determine y(10).
-9
Let o(t) = t**2 + 22*t - 176. Determine o(-28).
-8
Let s(v) = -4*v**3 - 39*v**2 + 11*v + 6. Give s(-10).
-4
Let r(g) = -9*g + 4. Determine r(4).
-32
Let v(i) = -23*i - 2. Give v(-2).
44
Let z(b) = -2*b**2 + 26*b - 74. Give z(8).
6
Let p(r) = r**3 + 17*r**2 + 19*r + 46. What is p(-16)?
-2
Let f(r) = 2*r**2 - 92*r - 409. Give f(50).
-9
Let k(g) = -6*g + 3. Calculate k(-4).
27
Let k(t) = 3*t**3 - t**2 + 1. Determine k(-1).
-3
Let h(a) = -a**3 - 15*a**2 - 11*a - 2. What is h(-14)?
-44
Let u(o) = -o**3 - 3*o**2 + 7*o - 22. What is u(-5)?
-7
Let l(y) = -y**2 + y + 4. Calculate l(-2).
-2
Let t(y) = -y**3 - 8*y**2 + 2*y + 1. Give t(-8).
-15
Let n(f) = f**3 - 6*f**2 - 10*f + 3. What is n(7)?
-18
Let l(p) = -6*p + 7. Give l(3).
-11
Let m(l) = -12*l - 7. Calculate m(-1).
5
Let l(g) = -g**2 - 2*g + 18. What is l(-9)?
-45
Let j(c) = -c**2 + 7*c - 2. What is j(5)?
8
Let n(l) = -l**2 + 13*l + 5. Determine n(12).
17
Let p(w) = -w**3 - 7*w**2 + 2*w + 15. Calculate p(-7).
1
Let r(l) = -l**3 - 3*l**2 + 3*l - 3. What is r(-3)?
-12
Let o(g) = -g**3 + 6*g**2 - 8*g + 10. What is o(5)?
-5
Let x(m) = -18*m - 4. Determine x(0).
-4
Let b(h) = 2*h - 9. Determine b(-10).
-29
Let q(w) = -w - 7. Give q(-11).
4
Let g(s) = -19*s - 129. Determine g(-7).
4
Let v(k) = -k**3 + 7*k**2 - 5*k - 2. Calculate v(6).
4
Let y(b) = b**2 + 2*b - 6. Calculate y(-3).
-3
Let r(n) = n**3 + 4*n**2 + 4*n - 2. Determine r(-3).
-5
Let b(m) = m**2 - 5*m - 1. Calculate b(6).
5
Let t(c) = -5*c + 52. Determine t(15).
-23
Let l(b) = b**3 - 19*b**2 + 32*b + 39. Give l(17).
5
Let j(h) = h**3 + 10*h**2 - h - 8. Determine j(-10).
2
Let r(l) = l**2 + 12*l - 47. Calculate r(-15).
-2
Let h(c) = 5*c**2 + 35*c + 3. Determine h(-7).
3
Let y(m) = 58*m**2 - 2*m. Give y(-1).
60
Let z(p) = -6*p**2 + 4*p + 3. Give z(-2).
-29
Let k(b) = -b**2 + 15*b - 53. What is k(6)?
1
Let c(i) = i**3 - 3*i**2 - 5. Determine c(4).
11
Let w(l) = -l**2 + 17*l + 45. Determine w(18).
27
Let d(g) = g - 3. Give d(-5).
-8
Let s(h) = h**3 - 47*h**2 + 44*h + 103. Give s(46).
11
Let w(f) = 5*f + 14. Determine w(-3).
-1
Let k(f) = -7*f + 7. Give k(3).
-14
Let l(v) = -v**3 - 3*v**2 - 3*v - 2. Determine l(-2).
0
Let m(d) = 2*d**3 + 8*d**2 + 3*d - 21. Give m(-4).
-33
Let r(z) = 7*z - 10. Calculate r(-9).
-73
Let y(g) = 7*g**2 - 10*g - 11. Give y(-1).
6
Let i(z) = -z - 9. Calculate i(-3).
-6
Let v(j) = 23*j**2 - 2*j + 1. Determine v(1).
22
Let x(o) = -2*o**3 + 2*o**2 + 5*o + 4. Give x(-1).
3
Let n(f) = -2*f**2 + 5*f - 9. Give n(4).
-21
Let w(k) = k**3 - 3*k - 1. Give w(2).
1
Let m(p) = -5*p**3 - p**2 + 4*p + 3. Determine m(-2).
31
Let k(p) = -3*p**3 + 5*p**2 + 3*p. Give k(-2).
38
Let s(d) = d**3 + 8*d**2 - 8*d. Determine s(-9).
-9
Let k(r) = r**3 + 2*r**2 - 8*r + 5. What is k(-4)?
5
Let t(h) = -h**2 - 12*h - 2. Calculate t(-12).
-2
Let i(p) = p**3 + 17*p**2 + 29*p - 8. Give i(-15).
7
Let w(v) = 11*v + 27. What is w(-8)?
-61
Let i(q) = -q**2 - 13*q + 11. Give i(-14).
-3
Let y(d) = 30*d + 48. Give y(-2).
-12
Let z(t) = 3*t**2 - 7*t + 4. Calculate z(3).
10
Let g(r) = -10*r - 214. What is g(-21)?
-4
Let p(y) = -3*y**2 + 15*y + 3. What is p(5)?
3
Let z(x) = x**3 + 2*x**2 - 11*x + 8. Give z(3).
20
Let l(n) = n**3 + 5*n**2 + 4*n + 2. Calculate l(-3).
8
Let b(j) = j**2 + 8*j + 17. Calculate b(-8).
17
Let b(y) = -11*y**3 - 2*y**2 + y. Give b(-1).
8
Let o(y) = -4*y + 7. What is o(3)?
-5
Let x(f) = 2*f + 9. Give x(-8).
-7
Let j(l) = -2*l**2 - 3*l + 6. Determine j(-5).
-29
Let k(n) = n**2 - 6*n + 1. Give k(-5).
56
Let i(l) = 4*l**2 + 3*l - 6. Calculate i(5).
109
Let m(f) = -2*f**2 - 6*f + 1. Determine m(-5).
-19
Let h(g) = -g**3 - 22*g**2 - 18*g + 58. What is h(-21)?
-5
Let w(h) = -h**2 - 3*h - 9. Determine w(-4).
-13
Let q(w) = -w**3 + 5*w**2 - 15*w + 33. Determine q(3).
6
Let i(r) = -15*r + 2. Determine i(-1).
17
Let b(n) = n**2 - 8*n - 2. What is b(9)?
7
Let c(p) = -p**3 + 7*p**2 - 6*p + 2. What is c(5)?
22
Let f(c) = c**3 - 5*c**2 - 14*c + 11. What is f(7)?
11
Let g(n) = n**2 + 12*n - 27. Calculate g(-11).
-38
Let l(f) = -f**3 - 2*f**2 + 5*f - 3. What is l(-4)?
9
Let k(j) = j**3 - 6*j**2 + 3. Determine k(5).
-22
Let q(g) = 101*g - 1721. Determine q(17).
-4
Let y(b) = -b - 5. What is y(4)?
-9
Let a(k) = -k**2 + 10*k - 24. Determine a(11).
-35
Let o(j) = j**3 + 21*j**2 - 74*j - 55. Determine o(-24).
-7
Let b(n) = 129*n + 1028. Calculate b(-8).
-4
Let v(o) = o**2 - 15*o - 5. Calculate v(15).
-5
Let o(u) = 4*u**2 - 18*u + 7. What is o(2)?
-13
Let v(d) = d**3 - 3*d**2 + d + 5. Determine v(3).
8
Let a(p) = -5*p - 31. Give a(26).
-161
Let d(b) = 39*b - 6. Calculate d(0).
-6
Let f(u) = 22*u**2 - u + 2. Give f(-1).
25
Let w(l) = 89*l - 167. Determine w(2).
11
Let g(y) = 11*y**3 + y**2 - 4*y + 2. Calculate g(1).
10
Let y(b) = -2*b**3 + 2*b**2 + 3*b + 2. What is y(-1)?
3
Let z(b) = -b**3 + 4*b**2 + b. Calculate z(5).
-20
Let r(k) = 25*k + 3. Calculate r(1).
28
Let c(x) = x**2 + 2*x - 1. Determine c(-5).
14
Let c(a) = -80*a + 643. Calculate c(8).
3
Let a(z) = z**3 - 8*z**2 - 4*z - 2. Determine a(8).
-34
Let h(f) = -6*f**2 + 75*f + 40. Give h(13).
1
Let c(s) = s**2 + 11*s - 2. What is c(-7)?
-30
Let w(i) = 4*i - 48. Determine w(19).
28
Let h(u) = -u**2 + 11*u + 17. What is h(13)?
-9
Let o(g) = -g**2 + 7*g. Give o(6).
6
Let c(v) = -v**3 - 5*v**2 + 2*v - 5. Calculate c(-4).
-29
Let o(k) = 2*k - 4. Give o(-4).
-12
Let c(y) = y**3 - 10*y**2 + 17*y - 8. Determine c(8).
0
Let r(n) = -n**3 - 25*n**2 - 136*n - 13. Determine r(-17).
-13
Let c(f) = f**3 - 99*f - 7. What is c(-10)?
-17
Let v(a) = -a**3 - 11*a**2 + 14*a + 16. What is v(-12)?
-8
Let k(w) = -2*w**2 - 3*w + 32. Determine k(-6).
-22
Let r(z) = -2*z**2 - 13*z - 24. Give r(-4).
-4
Let j(u) = -u**3 - 21*u**2 - 20*u - 12. What is j(-20)?
-12
Let w(g) = g**2 + 10*g + 5. What is w(-7)?
-16
Let x(u) = -u + 3. Determine x(1).
2
Let m(s) = 9*s + 2. Calculate m(4).
38
Let p(f) = f**2 - 5*f + 2. What is p(5)?
2
Let w(z) = -z**3 - 21*z**2 + 21*z - 25. Give w(-22).
-3
Let y(s) = s**2 - 4*s - 1. Determine y(2).
-5
Let h(w) = -81*w - 10. What is h(-1)?
71
Let i(q) = -24*q - 83. Calculate i(-4).
13
Let t(m) = m**2 + 13*m - 512. Determine t(-30).
-2
Let q(k) = 15*k + 2. Calculate q(1).
17
Let g(f) = 18*f**2 - 4*f - 3. Calculate g(-1).
19
Let d(w) = 6*w - 67. Give d(13).
11
Let j(g) = g**3 - 8*g**2 - 17*g - 22. What is j(10)?
8
Let w(l) = -l**3 + 4*l**2 + 6*l - 5. Calculate w(4).
19
Let q(a) = 3*a**2 + 4*a + 3. Determine q(-2).
7
Let t(h) = 9*h + 11. Calculate t(0).
11
Let i(x) = 4*x + 9. Determine i(-3).
-3
Let q(j) = -j**2 + 27*j - 31. Give q(26).
-5
Let z(d) = -28*d**3 - 112*d**2 - 2*d - 6. What is z(-4)?
2
Let o(h) = 2*h**3 - 10*h**2 +